 + 4*u**3/3 + 6*u**2. Let v = -39 + 39. What is i(v)?
8
Let j(b) = 4 + 5 - 4 + 9*b**2 + 599*b - 606*b - b**3. Give j(8).
13
Let d(t) = -t + 3. Let j be d(5). Let u = 14 + -20. Let y be 7*j/u*-3. Let i(h) = -h - 8. Determine i(y).
-1
Let s(q) be the first derivative of q**5/60 - q**4/4 - 2*q**3/3 - 11*q**2/2 + 21. Let n(z) be the second derivative of s(z). Determine n(5).
-9
Let v = -1399 + 1400. Suppose g - 2*f = -2*g + 8, f = 2*g - 5. Let y(d) = g*d - 1 - 5*d - 5*d. Determine y(v).
-9
Let p(l) = 3*l - 50. Suppose 153 = 262*n - 253*n. Calculate p(n).
1
Let s(w) be the third derivative of w**5/60 - 5*w**4/24 - w**3/3 - 15*w**2. Suppose 0 = 48*g - 43*g - 35. Determine s(g).
12
Let n(b) be the first derivative of b**2/2 + 7*b + 4. Give n(4).
11
Suppose 2*u = u. Let h(v) = 3*v - 6*v + v + 3 + u*v. Suppose t + 1 = 7. Determine h(t).
-9
Let h(a) = 8*a**2 - 11*a - 5. Let l(v) = -21*v**2 + 32*v + 14. Let w(g) = -8*h(g) - 3*l(g). Calculate w(-9).
-11
Suppose -3*b = 5*t - 92, -5*t = -3*t - 2*b - 24. Suppose -14 = 5*a + t. Let k(r) = -2*r + r**3 - 1 + r**2 + 8*r + 6*r**2. What is k(a)?
-1
Suppose 0*c + 5*c + 65 = 0. Let k = c + 17. Suppose -3*n - 2*l = 6, -3*n + 5*n - k*l = -20. Let i(a) = -2*a - 3. Calculate i(n).
5
Let k(n) = n + 2. Let q = 54 + -50. Suppose -5*b + 4 = -3*f + 5, 0 = -q*f - 5*b - 22. What is k(f)?
-1
Let l(i) = -2*i**3 - 3*i - 7. Let g(w) = -3*w**3 - w**2 - 7*w - 14. Suppose -2*x + 4 = -2*p - 0, 5*x + 25 = -2*p. Let n(d) = p*l(d) + 3*g(d). What is n(5)?
13
Let v(a) = 9*a**3 + 4*a**2 + 2*a - 1. Let g be v(-1). Let j(o) = -o**3 - 7*o**2 + 5*o - 6. Calculate j(g).
18
Let r be (-8 + 7 - 2 - -9) + -4. Let o(a) be the second derivative of -3/2*a**2 + 1/12*a**4 + 0 + 2*a - 1/10*a**5 + 1/3*a**3. Determine o(r).
-11
Let b be -8 + 0/1 + 2. Let k(v) be the first derivative of -v**3/3 - 7*v**2/2 - 2*v - 241. What is k(b)?
4
Let j(t) = t**2 - 7*t + 5. Let r(h) be the third derivative of -h**4/12 + 43*h**3/6 - 7*h**2. Let l be r(19). What is j(l)?
-5
Let a(s) = -1592*s + 1 + 1586*s - s**3 + 2*s**3 + 3*s**2. Let w(m) = -m + 1. Let u be w(6). Determine a(u).
-19
Let w(z) = 7*z**2 - 7*z - 5. Let k(p) = -p**2 + 2*p + 1. Let v(m) = 2*k(m) + w(m). Determine v(-2).
23
Let z(c) be the second derivative of 7*c**5/60 + c**4/24 + 5*c**3/3 - 16*c. Let o(a) be the second derivative of z(a). Calculate o(-1).
-13
Let j(u) = u**3 + u + 4. Let o(r) = -r**2 + r + 9. Let y be o(3). Suppose 0*g = y*g. Give j(g).
4
Let o(j) = -j - 4. Let r be 41/13 - 12/(-234)*-3. Suppose z = -5*h + 27, -h = -4*z + 2*h - 7. Let l(q) = 2*q + 5. Let x(u) = r*o(u) + z*l(u). What is x(5)?
3
Let r(t) = 5*t**3 + 6*t**2 - 5*t. Let v(a) = 5*a**3 + 5*a**2 - 4*a. Let p = -52 - -48. Let n(z) = p*r(z) + 5*v(z). Determine n(-1).
-4
Let y(n) = n**3 + 2*n**2 - 1. Let u be y(1). Let t be (-3)/(-1)*(-1 + u). Let r(p) = t*p**2 - 2*p**2 - 3*p + p**3 - 5 + 6. Calculate r(2).
7
Let r(h) be the first derivative of -h**4/4 - 2*h**3 - 3*h**2 - 2*h - 1. Let a(o) = 8*o - 100. Let k be a(12). What is r(k)?
-10
Let m(v) = 1 - v - 1. Suppose 3*q = 7 - 19. Calculate m(q).
4
Suppose -y = -3*t - 2, 4*t = -3*y + 3 + 3. Let b(n) be the second derivative of -n**3/6 + n**2 - 3*n. What is b(y)?
0
Let g(n) = 37*n + 560. Let z be g(-15). Let m(v) = -v**3 + 4*v**2 + 6*v + 1. Determine m(z).
6
Let g(b) = -5*b**2 + 4*b - 3. Let f(n) = -14*n**2 + 12*n - 8. Let c(q) = -6*f(q) + 17*g(q). Let l be (0 - -3)*(-5 + 6)*-1. Give c(l).
0
Suppose -41 = -4*t + 2*w - 3, 1 = w. Suppose t = 3*z - y, z + 1 + 1 = -5*y. Let b(m) = 7 - m - m**z + 2*m - 11 + 0*m**3 - m**2. Calculate b(0).
-4
Suppose 0 = -2*o + 2*y, 3*y = 7*y - 8. Let w(p) = p**2 - 3. Give w(o).
1
Let n be 0/(-7) + 1*3. Let c(f) = -4*f**2 - 5 + 6*f + 3*f**2 + n + 0. Let x = 135 + -129. Determine c(x).
-2
Suppose 2 - 10 = -4*n. Let m(o) be the first derivative of o**4/24 + o**2/2 - 1. Let q(h) be the second derivative of m(h). Determine q(n).
2
Let a(d) = -35 - 634*d**2 + 1 - 13*d + 633*d**2. Give a(-10).
-4
Let a(o) = o - 52422*o**2 + 52420*o**2 - 2*o. Suppose -2*q - 5*s - 1 + 0 = 0, -5*s = -5. Calculate a(q).
-15
Let j(i) = -5*i + 1. Let s(f) = 17*f**2 + 16*f. Let o be s(-1). What is j(o)?
-4
Let q(b) = -81*b + 35. Let r(k) = 9*k + 1. Let y(t) = q(t) + 8*r(t). Determine y(5).
-2
Let c(y) = -5. Let a(v) = v + 2. Let m(g) = 2*a(g) + 3*c(g). Calculate m(6).
1
Let u(n) = 2*n - 1. Let w(d) = -d + 1. Let g(a) = u(a) - w(a). Give g(2).
4
Let y = -89 + 90. Let f(i) = 2*i**2 - 6*i + 1. Let q(a) = -a. Let l(h) = f(h) - 5*q(h). Let k(n) be the first derivative of l(n). Determine k(y).
3
Let j(i) be the second derivative of -i**3/6 + 2*i**2 + 225*i. Let k be (-15)/(-3) + 1/1. Calculate j(k).
-2
Let u(k) be the second derivative of -k**5/20 + 3*k**4/4 - 7*k**3/6 - 5*k**2 + 2*k - 1. Give u(8).
-2
Suppose -3*p + 2*p + f = -2, 8 = -3*p - 4*f. Let x(t) = -6*t + 7 + p + 3*t + 5*t. What is x(-6)?
-5
Let i(a) = a**3 - 3*a**2 + 2*a. Let t(r) = -r**2 + r + 3. Let y be t(-2). Let s(k) = -5*k - 12. Let p be s(y). Calculate i(p).
6
Suppose -r + 2 + 1 = 0. Let v(x) = -r*x + 12 - x + x + 2*x. Determine v(5).
7
Let w(g) be the second derivative of g**4/12 - g**3/2 + g**2/2 + 28*g. Let l(h) = h**2 + 3. Let k be l(0). Calculate w(k).
1
Let l(s) = 415 + 4*s - 836 + 419 + s**2. Give l(-5).
3
Let n(j) = -j**2 - 9*j + 12. Suppose 11 = -o - o + 3*w, -5*o + 5*w - 35 = 0. Calculate n(o).
2
Let m(i) = -2*i - 6. Let t be (2 - 0) + (8 - 6). Suppose 3*r = 3*z + t*r + 13, -3*r + 16 = -2*z. Determine m(z).
4
Let y = -4 + 6. Let s(w) be the third derivative of -w**8/20160 + 4*w**5/15 - 7*w**2. Let g(d) be the third derivative of s(d). Calculate g(y).
-4
Let v(o) be the third derivative of -o**6/60 + o**5/30 - o**4/8 + o**3/6 - 232*o**2. Let a be (-4)/6 + 8/3. Let d = a + 0. Determine v(d).
-13
Let z(n) = 6*n**3 - 2*n. Let y be z(-1). Let d = 1 - y. Let j(w) = -w**3 + 6*w**2 - 3*w. Give j(d).
10
Let f = 1216 + -1216. Let l(d) = 2*d**3 - d + 16 - 3*d**3 + 0*d**3. Give l(f).
16
Let u = 5 + -3. Suppose n = 8 - u. Let o(v) be the first derivative of v**3/3 - 2*v**2 - 5*v - 69. What is o(n)?
7
Let s(l) = -4*l - 5. Let j be s(-2). Suppose -j*r = -p + 2 + 2, 5*r - 3*p = 0. Let m(y) = y**3 + y**2 - 2*y + 1. Determine m(r).
-11
Suppose 69*y - 72*y = -4*x + 19, 0 = 4*x - 4. Let i(k) = -k**2 - 4*k - 1. Determine i(y).
-6
Suppose -38*w + 148*w = -330. Let y(k) be the third derivative of k**5/60 - 2*k**3/3 - k**2. Give y(w).
5
Suppose l - 18 = -5*l. Let x(n) be the first derivative of -2*n**2 + 2*n + 6 - 1/3*n**l. Calculate x(-5).
-3
Let k(x) be the second derivative of 0 - 1/6*x**3 + 1/12*x**4 - 11*x + x**2. What is k(-3)?
14
Let m(d) be the third derivative of d**6/120 - d**5/10 + d**4/4 - 2*d**3/3 - 6*d**2 - 3*d. Calculate m(6).
32
Let z(v) = v**2 + v**3 + 7*v + v**2 + 5*v**2 + v**2 - 1. What is z(-7)?
-1
Let b be 23/46 + (-9)/(-2). Let q(p) = -5*p**2 - 23*p + 21. Let f(z) = -2*z**2 - 11*z + 10. Let j(t) = 7*f(t) - 3*q(t). What is j(b)?
-8
Let k(i) = -i**3 + 4*i**2 + 6*i - 3. Let u(r) = r**2 + 38*r - 34. Let x be u(-39). Give k(x).
2
Suppose 7 = -w + 10, -3*b - 33 = -2*w. Let z(u) = -u**3 - 10*u**2 - 7*u + 12. Calculate z(b).
-6
Let w be -2 + (3*11/3 - 1). Let i(q) = 12 - 9 + q**2 - 3*q**2 + 5*q - w*q. Determine i(-3).
-6
Let o(k) be the third derivative of k**4/8 + k**3/2 + 43*k**2 - 2*k. Determine o(-5).
-12
Let y(b) = 2*b**2 + 47*b - 71. Let c be y(-25). Let m(l) = 0*l + l + 0*l. What is m(c)?
4
Let n(c) = -11*c**3 + 10*c**2 + 5*c - 3. Let i(o) = -13*o**3 + 12*o**2 + 5*o - 4. Let y(b) = 5*i(b) - 6*n(b). Let s be (-1)/3*3*3. Give y(s).
-14
Let z(s) = -3*s + 2. Let f be 1/2 + 143/26. Suppose -4*h + 1 = -g - 2*g, 0 = -2*g - f. Determine z(h).
8
Let m(f) = 0 - 2*f + f - 9. Let l(b) = 6*b + 44. Let y(r) = 2*l(r) + 11*m(r). Give y(6).
-5
Let g(v) = -2*v + 2. Let x = -100 + 108. Suppose -30 = -13*k + x*k. What is g(k)?
-10
Let n(l) be the first derivative of -l**4/4 + 5*l**3 - 13*l**2/2 - 13*l - 4. Let a be n(14). Let h(r) = a - 7 + 0 + r. Calculate h(0).
-6
Let d(v) be the third derivative of -1/15*v**5 + 2/3*v**3 + 0*v + 0 + 1/12*v**4 + 38*v**2. Calculate d(3).
-26
Let f be 2 - (-9)/(-4) - (-1957)/(-412). Let u(k) = -k**2 - 6*k - 7. Determine u(f).
-2
Let b(x) = -x**2 + 9*x - 3. Suppose 7 = 3*i + 5*y, -9*i + 23 = -4*i - 3*y. What is